et n = -73 - -75. Suppose 15*c - n*c + 182 = 0. Let i = c + 41. List the prime factors of i.
3
Let s = -1170 + 15990. List the prime factors of s.
2, 3, 5, 13, 19
Let f(v) be the third derivative of v**5/60 + 9*v**4/8 - 13*v**3/2 + 2*v**2 + 18*v. List the prime factors of f(-32).
11
What are the prime factors of (-24)/(-4) - (35 - 7787)?
2, 3, 431
Let f = 991 + 12006. List the prime factors of f.
41, 317
Let v(q) = -q**3 + 2*q**2 + 9*q + 1. Let s be v(4). Let j be ((-2)/s)/(8/40). What are the prime factors of -4 + (-4)/(-4) - (-123 - j)?
2, 59
Let h = -1500 + 888. Let s = h - -1151. What are the prime factors of s?
7, 11
Let p = 54710 - 23390. What are the prime factors of p?
2, 3, 5, 29
Let u be ((-12)/(-4) + 29)*(-716)/(-16). Suppose -5*n + h - 2*h + u = 0, 5*h - 559 = -2*n. What are the prime factors of n?
7, 41
Suppose 3*g + 179 = -82. Let z = g + 100. Let t = z + 7. List the prime factors of t.
2, 5
Suppose 0 = 11*r + 50 + 126. Let f = 49 + r. Suppose 5*t - f = -18. What are the prime factors of t?
3
Let w = -81 - -85. Suppose 5*t + 282 + 402 = w*g, 2*t - 684 = -4*g. What are the prime factors of g?
3, 19
Let p(o) = 115*o - 889. What are the prime factors of p(20)?
17, 83
Let m(l) = 2*l + 88. Let j be m(-36). List the prime factors of -3 - 4/(j/(-396)).
2, 3
Let a = 224 + -221. List the prime factors of 7 + 210 - (-6)/a.
3, 73
Suppose -4*a + 47326 = -297*m + 299*m, 59153 = 5*a + m. What are the prime factors of a?
2, 5, 7, 13
Suppose 0 = -2*i + 2*t + 3*t + 2, i - 1 = -3*t. Let r be (2/(-2)*4)/(i/(-6)). Let p(l) = 2*l - 33. What are the prime factors of p(r)?
3, 5
Let k(s) = 131*s - 6. Let r be k(-8). Let y = -458 - r. Suppose -2*w + 402 = 4*l, -3*w + y = -2*l + l. List the prime factors of w.
199
Suppose 0 = -182*c + 72*c + 63*c + 59784. What are the prime factors of c?
2, 3, 53
Suppose -4*h + 323 = 5*s, -2*h + 5*s = 48 - 247. Let a = 130 - h. What are the prime factors of a?
43
Suppose 0 = -2*l + 10*l + 40. List the prime factors of 5604/18 - l - 2/(-3).
317
Let h(y) = -47*y + 92. Let s be h(17). Let t = s - -1190. What are the prime factors of t?
3, 7, 23
Let d(v) = 2*v**2 + 8*v + 8. Let x = -42 + 38. Let r be d(x). Suppose 0 = r*f - 11*f + 168. List the prime factors of f.
2, 7
Let r = -18493 + 31067. What are the prime factors of r?
2, 6287
Suppose -s + 900 + 1143 = g, -4*s = -4*g - 8172. Suppose s = v + 8*v. Suppose 1079 = 3*r + v. What are the prime factors of r?
2, 71
Let d(v) be the second derivative of v**5/20 - 7*v**4/12 + v**3 - v**2/2 - 14*v. Let c be d(5). Let r = c - -23. List the prime factors of r.
2
What are the prime factors of (-9)/21 - ((-234450)/(-7))/(-9)?
61
Let v = 85314 - 54169. List the prime factors of v.
5, 6229
Let i = 121480 - 47850. What are the prime factors of i?
2, 5, 37, 199
Suppose 0 = 336*z - 843784 - 39896. What are the prime factors of z?
2, 5, 263
Suppose 2*k + 4*j = -0*k + 2562, -3*k + 3849 = 4*j. Let h = k - 866. List the prime factors of h.
421
Let m(f) = f**3 - 11*f**2 - 11*f - 7. Let k be m(12). Suppose -3*g = -k - 7. Suppose -g*d + 39 = -229. What are the prime factors of d?
67
Let i be (-12 + 22 + 14 - 12)/((-4)/10). Suppose -4*b - 12 = -4*p, 5*b = b + 5*p - 9. What are the prime factors of (58/b)/((i/(-27))/(-10))?
3, 29
Let x(n) = n**2 + 13*n + 44. Let k be x(-5). Suppose 7*m = u + k*m - 1335, 5*u + 3*m = 6585. List the prime factors of u.
2, 3, 5, 11
Let q be 6/(-8)*(11 + -519). Suppose 0 = o - 5*h - 101, -4*o - 3*h + q = -92. What are the prime factors of o?
2, 29
Let k = 2811 - -1247. What are the prime factors of k?
2, 2029
Suppose 271*s - 283*s = -218568. List the prime factors of s.
2, 7, 1301
Suppose -291 = 12*v - 15*v. Suppose -21*r + 23*r + 519 = 5*l, l + 3*r = v. What are the prime factors of l?
103
Let m be 4/(-2 - -14) - (-27069)/9. Suppose q = -5*r + 1524, -2*q + 8*r - 10*r + m = 0. What are the prime factors of q?
1499
Suppose 3*m + 294 = -30. List the prime factors of (m/(-20))/9 - (-6411)/15.
2, 107
Suppose -3*u - 14811 = -2*i, 2*i = 5*u + 28729 - 4048. List the prime factors of (0 + -2)/(5 + u/985).
197
Suppose 345*q - 6104 = 341*q. Let y = 2686 - q. List the prime factors of y.
2, 5, 29
Let m be (-2)/(-8) - (-8 + 322/8). What are the prime factors of 786 - (3 - m/(-8))?
787
Let m(w) = 6*w + 37. Let p be 2 - (-32)/(3 - -1). List the prime factors of m(p).
97
Let g = 18541 + -14075. What are the prime factors of g?
2, 7, 11, 29
Let f(d) = 275*d**2 - 28*d + 103. List the prime factors of f(4).
4391
Suppose 879567 - 137707 = 98*r. What are the prime factors of r?
2, 5, 757
Suppose 61 - 205 = 36*n. Let h = n - -580. List the prime factors of h.
2, 3
Let h = -9586 + 25558. List the prime factors of h.
2, 3, 11
Let i be -2*((-1)/1)/(-1) + -18. Let k be i*-15*(-2)/(-8). Let p = 38 + k. List the prime factors of p.
113
Suppose -36*q + 785187 = -794817. List the prime factors of q.
43889
Suppose 5*m - 53 - 140 = 3*i, -3*m = -i - 119. Let v = m + -36. Suppose -4*o = -q + 126, 135 = -q + 2*q + v*o. List the prime factors of q.
2, 5, 13
Suppose -30*u + 2*f = -33*u + 27412, 4*f = -4. List the prime factors of u.
2, 3, 1523
Let l = 0 + 0. Let f(g) = -g**2 + 5*g + 38. Let m be f(-4). Suppose l = -2*k - m*k + 316. List the prime factors of k.
79
Suppose 42255 = y - 7559. What are the prime factors of y?
2, 24907
Let k(u) = 37*u**2 + 28*u + 60. What are the prime factors of k(-16)?
2, 3, 757
Let r = -10 + 2. Let d be (6 - r/(-2))*3. Suppose 4*f - d - 346 = 0. What are the prime factors of f?
2, 11
Let f(q) = 66*q**2 + 47*q + 90. What are the prime factors of f(-15)?
3, 5, 13, 73
Let p(z) = -3*z + 4. Let c = -16 + 16. Let d be p(c). What are the prime factors of (0 + 10/d)/(3/6)?
5
Let k(n) = 8*n + 250. Let l be k(-31). Suppose 7*o - 2*m = 7807, l*o - 2*m - 2850 + 618 = 0. What are the prime factors of o?
5, 223
Suppose 0*t + 2*t = 8. Suppose 5*x - 2*k - 13 = -0*x, -x - 1 = -t*k. Suppose 4*v - p - 259 = 0, 196 = x*v + 3*p - 2*p. List the prime factors of v.
5, 13
What are the prime factors of 4 - 2*392271/(-22)?
5, 7, 1019
Let d = 4686 - 1088. What are the prime factors of d?
2, 7, 257
Let t = 170 + -72. List the prime factors of (-2)/14 + 5656/t*17.
3, 109
Suppose 29 - 4 = 4*z + f, -z + 5*f = -1. Suppose 2*d - 2*m + 3*m = 179, -m = d - 87. List the prime factors of (5 + 4)*(d/z + 0).
2, 3, 23
Let g = -249 - -406. Let f = g - -12. List the prime factors of f.
13
What are the prime factors of 25877 + 8/(40/(-25)) - (-81)/(-9)?
3, 37, 233
List the prime factors of 5*673935/450 - 10/(-12).
7489
Suppose 0 = -5*p - 2*m - 7, p - m = -0*m. Let j(g) = 68*g**2 - 4*g - 5. List the prime factors of j(p).
67
Suppose -4*l = 5*n - 11602, n + n - 4*l = 4624. List the prime factors of n.
2, 19, 61
Let u(p) = -p**2 - 13*p - 10. Let t be u(-5). List the prime factors of ((-20)/t)/(2/(-288)).
2, 3
Suppose 0 = -328*l + 305*l + 160241. What are the prime factors of l?
6967
What are the prime factors of (192/20)/(32/24 - 5551/4170)?
2, 139
Let w = 16 + -17. Let a(h) = -31*h**2 - 3*h - 2. Let t be a(w). What are the prime factors of (t/(-21))/(5/35)?
2, 5
Let a(o) = 13*o**2 + 3*o - 9. Let d(t) = -28 - 54*t + 105*t - 59*t. Let n be d(-4). List the prime factors of a(n).
211
Let g(q) = -3218*q - 316. What are the prime factors of g(-7)?
2, 5, 2221
List the prime factors of -42*50134/(-84) - -16.
3, 929
Let w be 4908/(-20) + 3/(-5). Let u = w + 144. Let b = u - -175. What are the prime factors of b?
73
Let a be (-6)/(24/(-20)) - 1. Suppose -4*j - a = 0, -5*j + 1738 = 5*h - 587. List the prime factors of h.
2, 233
List the prime factors of (8 - 18) + 24666 + (7 - (-12)/(-3)).
24659
Let n(z) = 2*z + 3. Let d be n(-3). Let k(a) = -a**2 + 2*a + 7. Let c be k(d). What are the prime factors of (-112)/1*c/16?
2, 7
Suppose -2*z = -3*y + 4*y - 5022, y + 4*z - 5030 = 0. What are the prime factors of y?
2, 23, 109
Let s(h) be the third derivative of h**5/30 + 3*h**4/8 - h**3 + 734*h**2. Suppose -3*k + 22 = 5*a - 4*k, -a + 5*k = -14. List the prime factors of s(a).
2, 31
Suppose -5*r = -4*p - 90402, 27*r + 54272 = 30*r + 2*p. What are the prime factors of r?
2, 9043
Let c = 375 + 32. Suppose -413*h + c*h + 8370 = 0. What are the prime factors of h?
3, 5, 31
Let k(i) = i**3 + 3*i**2 - 3*i - 4. Let a be k(-3). Let t be (-1)/